{"id":760,"date":"2018-10-29T20:17:30","date_gmt":"2018-10-29T19:17:30","guid":{"rendered":"http:\/\/serwer1820570.home.pl\/autoinstalator\/wordpress6\/?page_id=760"},"modified":"2018-10-29T20:17:30","modified_gmt":"2018-10-29T19:17:30","slug":"klauzula-informacyjna-dot-projektu-pn-sektorowa-rada-ds-kompetencji-w-turystyce-nr-powr-02-12-00-00-0010-16","status":"publish","type":"page","link":"https:\/\/zptlewiatan.pl\/?page_id=760","title":{"rendered":"Klauzula informacyjna dot. projektu pn. Sektorowa Rada ds. Kompetencji w Turystyce (nr\u00a0POWR.02.12.00-00-0010\/16)"},"content":{"rendered":"<p><!-- VideographyWP Plugin Message: Automatic video embedding prevented by plugin options. --><br \/>\n<strong>Klauzula informacyjna dot. projektu pn. Sektorowa Rada ds. Kompetencji w Turystyce (nr\u00a0POWR.02.12.00-00-0010\/16)<\/strong><\/p>\n<p>Zgodnie z rozporz\u0105dzeniem Parlamentu Europejskiego i Rady (UE) 2016\/679 z 27.04.2016 r. w sprawie ochrony os\u00f3b fizycznych w zwi\u0105zku z przetwarzaniem danych osobowych i w sprawie swobodnego przep\u0142ywu takich danych oraz uchylenia dyrektywy 95\/46\/WE (dalej RODO) (Dz. Urz. UE L 119, s. Zwi\u0105zek Pracodawc\u00f3w Turystyki Lewiatan realizuj\u0105cy projekt pn. Sektorowa Rada ds. Kompetencji Turystyki (nr POWR.02.12.00-00-0010\/16) niniejszym informuje, \u017ce:<\/p>\n<p>&nbsp;<\/p>\n<ul>\n<li>Administratorem Pani\/Pana danych osobowych jest minister w\u0142a\u015bciwy do spraw rozwoju regionalnego, pe\u0142ni\u0105cy funkcj\u0119 Instytucji Zarz\u0105dzaj\u0105cej dla Programu Operacyjnego Wiedza Edukacja Rozw\u00f3j 2014-2020, z siedzib\u0105 w Warszawie przy ul. Wsp\u00f3lnej 2\/4, 00-926 Warszawa. Z Administratorem danych mo\u017cna si\u0119 skontaktowa\u0107 poprzez adres e-mailowy: kancelaria@miir.gov.pl lub pisemnie przekazuj\u0105c korespondencj\u0119 na adres siedziby Administratora.<\/li>\n<\/ul>\n<p>&nbsp;<\/p>\n<ul>\n<li>Administrator wyznaczy\u0142 inspektora ochrony danych, z kt\u00f3rym mo\u017ce si\u0119 Pani\/Pan skontaktowa\u0107 poprzez e-mail: iod@miir.gov.pl lub pisemnie przekazuj\u0105c korespondencj\u0119 na adres siedziby Administratora. Z inspektorem ochrony danych mo\u017cna si\u0119 kontaktowa\u0107 we wszystkich sprawach dotycz\u0105cych przetwarzania danych osobowych oraz korzystania z praw zwi\u0105zanych z przetwarzaniem danych.<\/li>\n<\/ul>\n<p>&nbsp;<\/p>\n<ul>\n<li>Administrator powierzy\u0142 przetwarzanie Pani\/Pana danych osobowych, na podstawie zawartej umowy o dofinansowanie projektu, Zwi\u0105zkowi Pracodawc\u00f3w Turystyki Lewiatan [nazwa podmiotu, kt\u00f3remu powierzono przetwarzanie danych osobowych]. Mo\u017ce si\u0119 Pani\/Pan r\u00f3wnie\u017c skontaktowa\u0107 z inspektorem ochrony danych Zwi\u0105zek Pracodawc\u00f3w Turystyki Lewiatan [nazwa podmiotu, kt\u00f3remu powierzono przetwarzanie danych osobowych), podmiotu kt\u00f3ry realizuje projekt nr POWR.02.12.00-00-0010\/16 [numer projektu] poprzez email: jratajski@konfereracjalewiatan.p \u00a0[adres e-mail].<\/li>\n<\/ul>\n<p>&nbsp;<\/p>\n<ul>\n<li>Przetwarzanie Pani\/Pana danych osobowych w ramach Programu Operacyjnego Wiedza Edukacja Rozw\u00f3j 2014-2020 odbywa si\u0119 na podstawie art. 6 ust. 1 pkt c oraz art. 9 ust. 2 lit. g RODO:<\/li>\n<\/ul>\n<p>&nbsp;<\/p>\n<ul>\n<li>rozporz\u0105dzenia Parlamentu Europejskiego i Rady (UE) Nr 1303\/2013 z dnia 17.12.2013 r. ustanawiaj\u0105cego wsp\u00f3lne przepisy dotycz\u0105ce Europejskiego Funduszu Rozwoju Regionalnego, Europejskiego Funduszu Spo\u0142ecznego, Funduszu Sp\u00f3jno\u015bci, Europejskiego Funduszu Rolnego na rzecz Rozwoju Obszar\u00f3w Wiejskich oraz Europejskiego Funduszu Morskiego i Rybackiego oraz ustanawiaj\u0105cego przepisy og\u00f3lne dotycz\u0105ce Europejskiego Funduszu Rozwoju Regionalnego, Europejskiego Funduszu Spo\u0142ecznego, Funduszu Sp\u00f3jno\u015bci i Europejskiego Funduszu Morskiego i Rybackiego oraz uchylaj\u0105cego rozporz\u0105dzenie Rady (WE) nr 1083\/2006 (Dz.U.UE.L.2013.347.320, z p\u00f3\u017an. zm.);<\/li>\n<li>rozporz\u0105dzenia Parlamentu Europejskiego i Rady (UE) NR 1304\/2013 z dnia 17 grudnia 2013 r. w sprawie Europejskiego Funduszu Spo\u0142ecznego i uchylaj\u0105cego rozporz\u0105dzenie Rady (WE) nr 1081\/2006 (Dz.U.UE.L.2013.347.470) oraz za\u0142\u0105cznika I i II do tego rozporz\u0105dzenia;<\/li>\n<li>rozporz\u0105dzenia Wykonawczego Komisji (UE) nr 1011\/2014 z dnia 22 wrze\u015bnia 2014 r. ustanawiaj\u0105cego szczeg\u00f3\u0142owe przepisy wykonawcze do Rozporz\u0105dzenia Parlamentu europejskiego i Rady (UE) nr 1303\/2013 w odniesieniu do wzor\u00f3w s\u0142u\u017c\u0105cych do przekazywania Komisji okre\u015blonych informacji oraz szczeg\u00f3\u0142owe przepisy dotycz\u0105ce wymiany informacji mi\u0119dzy beneficjentami a instytucjami zarz\u0105dzaj\u0105cymi, certyfikuj\u0105cymi, audytowymi i po\u015brednicz\u0105cymi(Dz. Urz. UE L 286 z 30.09.2014);<\/li>\n<li>ustawy z dnia 11 lipca 2014 r. o zasadach realizacji program\u00f3w w zakresie polityki sp\u00f3jno\u015bci finansowanych w perspektywie finansowej 2014-2020.<\/li>\n<\/ul>\n<p>&nbsp;<\/p>\n<ul>\n<li>Pani\/ Pana dane osobowe b\u0119d\u0119 przetwarzane wy\u0142\u0105cznie w celu realizacji projektu, w szczeg\u00f3lno\u015bci potwierdzenia kwalifikowalno\u015bci wydatk\u00f3w, udzielenia wsparcia, monitoringu, ewaluacji, kontroli, audytu i sprawozdawczo\u015bci oraz dzia\u0142a\u0144 informacyjnopromocyjnych w ramach Programu Operacyjnego Wiedza Edukacja Rozw\u00f3j 2014-2020<\/li>\n<li>Podanie danych jest wymogiem niezb\u0119dnym do realizacji ww. celu, o kt\u00f3rym mowa w pkt. 4. Konsekwencje niepodania danych osobowych wynikaj\u0105 z przepis\u00f3w prawa, w tym uniemo\u017cliwiaj\u0105 udzia\u0142 w projekcie realizowanym w ramach Programu Operacyjnego Wiedza Edukacja Rozw\u00f3j 2014-2020.<\/li>\n<\/ul>\n<p>&nbsp;<\/p>\n<ul>\n<li>Pani\/ Pana dane osobowe zosta\u0142y powierzone Instytucji Po\u015brednicz\u0105cej Polska Agencja Rozwoju Przedsi\u0119biorczo\u015bci, ul. Pa\u0144ska 81\/83; 00-834 Warszawa \u00a0[nazwa i adres w\u0142a\u015bciwej Instytucji Po\u015brednicz\u0105cej], beneficjentowi realizuj\u0105cemu projekt Zwi\u0105zek Pracodawc\u00f3w Turystyki Lewiatan, ul Z. Cybulskiego 3, 02-727 warszawa [nazwa i adres podmiotu, kt\u00f3remu powierzono dane] oraz podmiotom, kt\u00f3re na zlecenie beneficjenta uczestnicz\u0105 w realizacji projektu \u2026\u2026\u2026\u2026\u2026\u2026\u2026\u2026\u2026\u2026\u2026\u2026\u2026\u2026\u2026\u2026\u2026\u2026. [nazwa i adres ww. podmiot\u00f3w]. Pani\/ Pana dane osobowe mog\u0105 zosta\u0107 r\u00f3wnie\u017c powierzone specjalistycznym firmom, realizuj\u0105cym na zlecenie Instytucji Zarz\u0105dzaj\u0105cej, Instytucji Po\u015brednicz\u0105cej oraz beneficjenta ewaluacje, kontrole i audyt w ramach Programu Operacyjnego Wiedza Edukacja Rozw\u00f3j 2014-2020.<\/li>\n<\/ul>\n<p>&nbsp;<\/p>\n<ul>\n<li>Pani\/ Pana dane osobowe mog\u0105 zosta\u0107 udost\u0119pnione organom upowa\u017cnionym zgodnie z obowi\u0105zuj\u0105cym prawem.<\/li>\n<\/ul>\n<p>&nbsp;<\/p>\n<ul>\n<li>Dane b\u0119d\u0105 przechowywane przez okres niezb\u0119dny do realizacji celu, o kt\u00f3rym mowa w pkt. 4, do momentu wyga\u015bni\u0119cia obowi\u0105zku przechowywania danych wynikaj\u0105cego z przepis\u00f3w prawa.<\/li>\n<\/ul>\n<p>&nbsp;<\/p>\n<ul>\n<li>W zwi\u0105zku z przetwarzaniem Pani\/Pana danych osobowych przys\u0142uguj\u0105 Pani\/Panu nast\u0119puj\u0105ce uprawnienia: prawo dost\u0119pu do swoich danych osobowych, prawo \u017c\u0105dania ich sprostowania, usuni\u0119cia lub ograniczenia ich przetwarzania.<\/li>\n<\/ul>\n<p>&nbsp;<\/p>\n<ul>\n<li>W przypadku powzi\u0119cia informacji o niezgodnym z prawem przetwarzaniu danych, przys\u0142uguje Pani\/ Panu r\u00f3wnie\u017c prawo wniesienia skargi do organu nadzorczego zajmuj\u0105cego si\u0119 ochron\u0105 danych osobowych, kt\u00f3rym jest Prezes Urz\u0119du Ochrony Danych Osobowych.<\/li>\n<\/ul>\n<p>&nbsp;<\/p>\n<ul>\n<li>Pani\/Pana dane nie b\u0119d\u0105 podlega\u0142y zautomatyzowanemu podejmowaniu decyzji i nie b\u0119d\u0105 profilowane.<\/li>\n<\/ul>\n<p>&nbsp;<\/p>\n<ul>\n<li>Pani\/ Pana dane osobowe nie b\u0119d\u0105 przekazywane do pa\u0144stwa trzeciego.<\/li>\n<\/ul>\n<p>&nbsp;<\/p>\n<p>&nbsp;<\/p>\n<p>&nbsp;<\/p>\n<ul>\n<li>Wyra\u017cam zgod\u0119 na wykorzystywanie wizerunku mojego przez Zwi\u0105zek Pracodawc\u00f3w Turystyki Lewiatan, w tym na obr\u00f3t egzemplarzami, na kt\u00f3rych utrwalono ten wizerunek, oraz na zwielokrotnianie wizerunku wszelkimidost\u0119pnymi\u00a0 aktualnie\u00a0 technikami\u00a0i\u00a0 metodami,\u00a0 rozpowszechnianie\u00a0 oraz\u00a0publikowanie, tak\u017ce wraz z wizerunkami innych os\u00f3b utrwalonymi w ramach realizacji spotka\u0144, imprez, materia\u0142ach s\u0142u\u017c\u0105cych\u00a0\u00a0 popularyzacji\u00a0\u00a0 dzia\u0142a\u0144\u00a0\u00a0w\u00a0\u00a0 zakresie\u00a0\u00a0 edukacji\u00a0\u00a0kulturalnej\u00a0\u00a0 organizator\u00f3w\u00a0\u00a0 poprzez rozpowszechnianie wizerunku w :<\/li>\n<\/ul>\n<ol>\n<li>a) mediach elektronicznych, w szczeg\u00f3lno\u015bci na stronach internetowych;<\/li>\n<li>b) prasie;<\/li>\n<li>c) broszurach, ulotkach, gazetkach itp.<\/li>\n<\/ol>\n<p>&nbsp;<\/p>\n<p>&nbsp;<\/p>\n","protected":false},"excerpt":{"rendered":"<p>Klauzula informacyjna dot. projektu pn. Sektorowa Rada ds. Kompetencji w Turystyce (nr\u00a0POWR.02.12.00-00-0010\/16) Zgodnie z rozporz\u0105dzeniem Parlamentu Europejskiego i Rady (UE) 2016\/679 z 27.04.2016 r. w &hellip; <\/p>\n","protected":false},"author":2,"featured_media":0,"parent":0,"menu_order":0,"comment_status":"closed","ping_status":"closed","template":"","meta":{"jetpack_post_was_ever_published":false,"footnotes":""},"class_list":["post-760","page","type-page","status-publish","hentry"],"yoast_head":"<!-- This site is optimized with the Yoast SEO plugin v20.1 - https:\/\/yoast.com\/wordpress\/plugins\/seo\/ -->\n<title>Klauzula informacyjna dot. projektu pn. Sektorowa Rada ds. Kompetencji w Turystyce (nr\u00a0POWR.02.12.00-00-0010\/16) - Zwi\u0105zek Pracodawc\u00f3w Turystyki Lewiatan<\/title>\n<meta name=\"robots\" content=\"index, follow, max-snippet:-1, max-image-preview:large, max-video-preview:-1\" \/>\n<link rel=\"canonical\" href=\"https:\/\/zptlewiatan.pl\/?page_id=760\" \/>\n<meta property=\"og:locale\" content=\"pl_PL\" \/>\n<meta property=\"og:type\" content=\"article\" \/>\n<meta property=\"og:title\" content=\"Klauzula informacyjna dot. projektu pn. Sektorowa Rada ds. Kompetencji w Turystyce (nr\u00a0POWR.02.12.00-00-0010\/16) - Zwi\u0105zek Pracodawc\u00f3w Turystyki Lewiatan\" \/>\n<meta property=\"og:description\" content=\"Klauzula informacyjna dot. projektu pn. Sektorowa Rada ds. Kompetencji w Turystyce (nr\u00a0POWR.02.12.00-00-0010\/16) Zgodnie z rozporz\u0105dzeniem Parlamentu Europejskiego i Rady (UE) 2016\/679 z 27.04.2016 r. w &hellip;\" \/>\n<meta property=\"og:url\" content=\"https:\/\/zptlewiatan.pl\/?page_id=760\" \/>\n<meta property=\"og:site_name\" content=\"Zwi\u0105zek Pracodawc\u00f3w Turystyki Lewiatan\" \/>\n<meta name=\"twitter:card\" content=\"summary_large_image\" \/>\n<meta name=\"twitter:label1\" content=\"Szacowany czas czytania\" \/>\n\t<meta name=\"twitter:data1\" content=\"5 minut\" \/>\n<script type=\"application\/ld+json\" class=\"yoast-schema-graph\">{\"@context\":\"https:\/\/schema.org\",\"@graph\":[{\"@type\":\"WebPage\",\"@id\":\"https:\/\/zptlewiatan.pl\/?page_id=760\",\"url\":\"https:\/\/zptlewiatan.pl\/?page_id=760\",\"name\":\"Klauzula informacyjna dot. projektu pn. Sektorowa Rada ds. Kompetencji w Turystyce (nr\u00a0POWR.02.12.00-00-0010\/16) - Zwi\u0105zek Pracodawc\u00f3w Turystyki Lewiatan\",\"isPartOf\":{\"@id\":\"https:\/\/zptlewiatan.pl\/#website\"},\"datePublished\":\"2018-10-29T19:17:30+00:00\",\"dateModified\":\"2018-10-29T19:17:30+00:00\",\"breadcrumb\":{\"@id\":\"https:\/\/zptlewiatan.pl\/?page_id=760#breadcrumb\"},\"inLanguage\":\"pl-PL\",\"potentialAction\":[{\"@type\":\"ReadAction\",\"target\":[\"https:\/\/zptlewiatan.pl\/?page_id=760\"]}]},{\"@type\":\"BreadcrumbList\",\"@id\":\"https:\/\/zptlewiatan.pl\/?page_id=760#breadcrumb\",\"itemListElement\":[{\"@type\":\"ListItem\",\"position\":1,\"name\":\"Strona g\u0142\u00f3wna\",\"item\":\"https:\/\/zptlewiatan.pl\/\"},{\"@type\":\"ListItem\",\"position\":2,\"name\":\"Klauzula informacyjna dot. projektu pn. Sektorowa Rada ds. Kompetencji w Turystyce (nr\u00a0POWR.02.12.00-00-0010\/16)\"}]},{\"@type\":\"WebSite\",\"@id\":\"https:\/\/zptlewiatan.pl\/#website\",\"url\":\"https:\/\/zptlewiatan.pl\/\",\"name\":\"Zwi\u0105zek Pracodawc\u00f3w Turystyki Lewiatan\",\"description\":\"\",\"publisher\":{\"@id\":\"https:\/\/zptlewiatan.pl\/#organization\"},\"potentialAction\":[{\"@type\":\"SearchAction\",\"target\":{\"@type\":\"EntryPoint\",\"urlTemplate\":\"https:\/\/zptlewiatan.pl\/?s={search_term_string}\"},\"query-input\":\"required name=search_term_string\"}],\"inLanguage\":\"pl-PL\"},{\"@type\":\"Organization\",\"@id\":\"https:\/\/zptlewiatan.pl\/#organization\",\"name\":\"Zwi\u0105zek Pracodawc\u00f3w Turystyki Lewiatan\",\"url\":\"https:\/\/zptlewiatan.pl\/\",\"logo\":{\"@type\":\"ImageObject\",\"inLanguage\":\"pl-PL\",\"@id\":\"https:\/\/zptlewiatan.pl\/#\/schema\/logo\/image\/\",\"url\":\"https:\/\/zptlewiatan.pl\/wp-content\/uploads\/2016\/12\/cropped-Lewiatan_turystyka-male-e1579985180872.jpg\",\"contentUrl\":\"https:\/\/zptlewiatan.pl\/wp-content\/uploads\/2016\/12\/cropped-Lewiatan_turystyka-male-e1579985180872.jpg\",\"width\":278,\"height\":90,\"caption\":\"Zwi\u0105zek Pracodawc\u00f3w Turystyki Lewiatan\"},\"image\":{\"@id\":\"https:\/\/zptlewiatan.pl\/#\/schema\/logo\/image\/\"}}]}<\/script>\n<!-- \/ Yoast SEO plugin. -->","yoast_head_json":{"title":"Klauzula informacyjna dot. projektu pn. Sektorowa Rada ds. Kompetencji w Turystyce (nr\u00a0POWR.02.12.00-00-0010\/16) - Zwi\u0105zek Pracodawc\u00f3w Turystyki Lewiatan","robots":{"index":"index","follow":"follow","max-snippet":"max-snippet:-1","max-image-preview":"max-image-preview:large","max-video-preview":"max-video-preview:-1"},"canonical":"https:\/\/zptlewiatan.pl\/?page_id=760","og_locale":"pl_PL","og_type":"article","og_title":"Klauzula informacyjna dot. projektu pn. Sektorowa Rada ds. Kompetencji w Turystyce (nr\u00a0POWR.02.12.00-00-0010\/16) - Zwi\u0105zek Pracodawc\u00f3w Turystyki Lewiatan","og_description":"Klauzula informacyjna dot. projektu pn. Sektorowa Rada ds. Kompetencji w Turystyce (nr\u00a0POWR.02.12.00-00-0010\/16) Zgodnie z rozporz\u0105dzeniem Parlamentu Europejskiego i Rady (UE) 2016\/679 z 27.04.2016 r. w &hellip;","og_url":"https:\/\/zptlewiatan.pl\/?page_id=760","og_site_name":"Zwi\u0105zek Pracodawc\u00f3w Turystyki Lewiatan","twitter_card":"summary_large_image","twitter_misc":{"Szacowany czas czytania":"5 minut"},"schema":{"@context":"https:\/\/schema.org","@graph":[{"@type":"WebPage","@id":"https:\/\/zptlewiatan.pl\/?page_id=760","url":"https:\/\/zptlewiatan.pl\/?page_id=760","name":"Klauzula informacyjna dot. projektu pn. Sektorowa Rada ds. Kompetencji w Turystyce (nr\u00a0POWR.02.12.00-00-0010\/16) - Zwi\u0105zek Pracodawc\u00f3w Turystyki Lewiatan","isPartOf":{"@id":"https:\/\/zptlewiatan.pl\/#website"},"datePublished":"2018-10-29T19:17:30+00:00","dateModified":"2018-10-29T19:17:30+00:00","breadcrumb":{"@id":"https:\/\/zptlewiatan.pl\/?page_id=760#breadcrumb"},"inLanguage":"pl-PL","potentialAction":[{"@type":"ReadAction","target":["https:\/\/zptlewiatan.pl\/?page_id=760"]}]},{"@type":"BreadcrumbList","@id":"https:\/\/zptlewiatan.pl\/?page_id=760#breadcrumb","itemListElement":[{"@type":"ListItem","position":1,"name":"Strona g\u0142\u00f3wna","item":"https:\/\/zptlewiatan.pl\/"},{"@type":"ListItem","position":2,"name":"Klauzula informacyjna dot. projektu pn. Sektorowa Rada ds. Kompetencji w Turystyce (nr\u00a0POWR.02.12.00-00-0010\/16)"}]},{"@type":"WebSite","@id":"https:\/\/zptlewiatan.pl\/#website","url":"https:\/\/zptlewiatan.pl\/","name":"Zwi\u0105zek Pracodawc\u00f3w Turystyki Lewiatan","description":"","publisher":{"@id":"https:\/\/zptlewiatan.pl\/#organization"},"potentialAction":[{"@type":"SearchAction","target":{"@type":"EntryPoint","urlTemplate":"https:\/\/zptlewiatan.pl\/?s={search_term_string}"},"query-input":"required name=search_term_string"}],"inLanguage":"pl-PL"},{"@type":"Organization","@id":"https:\/\/zptlewiatan.pl\/#organization","name":"Zwi\u0105zek Pracodawc\u00f3w Turystyki Lewiatan","url":"https:\/\/zptlewiatan.pl\/","logo":{"@type":"ImageObject","inLanguage":"pl-PL","@id":"https:\/\/zptlewiatan.pl\/#\/schema\/logo\/image\/","url":"https:\/\/zptlewiatan.pl\/wp-content\/uploads\/2016\/12\/cropped-Lewiatan_turystyka-male-e1579985180872.jpg","contentUrl":"https:\/\/zptlewiatan.pl\/wp-content\/uploads\/2016\/12\/cropped-Lewiatan_turystyka-male-e1579985180872.jpg","width":278,"height":90,"caption":"Zwi\u0105zek Pracodawc\u00f3w Turystyki Lewiatan"},"image":{"@id":"https:\/\/zptlewiatan.pl\/#\/schema\/logo\/image\/"}}]}},"jetpack_sharing_enabled":true,"jetpack_shortlink":"https:\/\/wp.me\/PaFHNI-cg","_links":{"self":[{"href":"https:\/\/zptlewiatan.pl\/index.php?rest_route=\/wp\/v2\/pages\/760","targetHints":{"allow":["GET"]}}],"collection":[{"href":"https:\/\/zptlewiatan.pl\/index.php?rest_route=\/wp\/v2\/pages"}],"about":[{"href":"https:\/\/zptlewiatan.pl\/index.php?rest_route=\/wp\/v2\/types\/page"}],"author":[{"embeddable":true,"href":"https:\/\/zptlewiatan.pl\/index.php?rest_route=\/wp\/v2\/users\/2"}],"replies":[{"embeddable":true,"href":"https:\/\/zptlewiatan.pl\/index.php?rest_route=%2Fwp%2Fv2%2Fcomments&post=760"}],"version-history":[{"count":0,"href":"https:\/\/zptlewiatan.pl\/index.php?rest_route=\/wp\/v2\/pages\/760\/revisions"}],"wp:attachment":[{"href":"https:\/\/zptlewiatan.pl\/index.php?rest_route=%2Fwp%2Fv2%2Fmedia&parent=760"}],"curies":[{"name":"wp","href":"https:\/\/api.w.org\/{rel}","templated":true}]}}